 factor of 30 and p?
6
Let m(u) = u**2 + 34*u + 118. Let w be m(-31). Calculate the highest common factor of 600 and w.
25
Let u be (-16 - (-17 - 3)) + (-625)/(-1). What is the greatest common divisor of 68 and u?
17
Let y = -81 - -81. Suppose -509 = -3*d + 5*m, y*m = 3*d - 2*m - 506. Calculate the highest common factor of d and 42.
42
Let s = -104 - -214. What is the greatest common factor of 10 and s?
10
Let l(w) = -5*w - 13. Let g be l(-35). Calculate the greatest common divisor of 78 and g.
6
Let m be 3 - 12/10 - 1/(-5). Suppose -g - 4*s = -m*g + 23, 5*g - s = 77. What is the greatest common divisor of g and 15?
15
Suppose 4*n + 3*d - 75 = 0, -2*d - 70 = -4*n - 0*d. What is the highest common factor of 27 and n?
9
Let x be (-1643)/(-2 + 1 + 0). What is the highest common factor of x and 31?
31
Let p be 4/(-6) - 150/(-9). Let c = -47 + -49. Let j be (c/(-5))/(6/20). Calculate the greatest common factor of j and p.
16
Let l be -11*1*36/(-66). Calculate the greatest common factor of 6 and l.
6
Let y(n) = 2*n**2 - 6*n + 5 - 6*n + 23*n. Let t be y(-8). What is the greatest common divisor of t and 15?
15
Suppose p = -0*p. Let h(n) = -n + 40. Let k be h(p). Calculate the greatest common factor of 16 and k.
8
Suppose -54 = 86*u - 88*u. Calculate the greatest common factor of u and 297.
27
Let b(t) = 2*t - 6. Let s be b(17). Let q be (3 - 1) + (-4)/(s/(-1757)). Calculate the highest common factor of q and 23.
23
Suppose -8*f - f = -63. What is the greatest common divisor of f and 7?
7
Let r(y) = 27*y + 3390. Let j be r(-125). Suppose 0 = -2*s - 2*t + 150, -t - 102 - 48 = -2*s. Calculate the greatest common divisor of j and s.
15
Let k(s) = -4*s**2 + s + 2. Let a be k(2). Let l = 9 + a. Let u be 83 - (-9)/(l/1). What is the highest common factor of 16 and u?
16
Suppose -2*r + 28 = 3*t - 65, 0 = -3*r + 2*t + 120. Suppose -3*c + 89 = -79. Calculate the greatest common factor of r and c.
14
Let v be (1 - 0/1)*75. Let p(t) be the first derivative of -7*t**2/2 + t - 13. Let a be p(-2). Calculate the highest common factor of v and a.
15
Let d = -15 + -29. Let x = d - -60. Let h = -3 - -19. Calculate the greatest common divisor of h and x.
16
Suppose 0 = -8*z + 13 + 3. Let s(a) = 2*a. Let p be s(1). Suppose -3*c = 9, -x = 2*c + 2 + p. What is the highest common factor of x and z?
2
Suppose 10 + 2 = 4*z, 5*a = 3*z + 166. Let g be 12/9 - 2/(-3). Suppose -2 = 2*m - m - 3*d, -g*m + 4*d = -2. Calculate the greatest common factor of a and m.
7
Let q(m) = 7*m**2 - 65*m + 5. Let k be q(10). What is the greatest common divisor of 341 and k?
11
Let q be ((-742)/56)/((-1)/12). Suppose 5*y + 24 = q. What is the highest common divisor of y and 6?
3
Suppose -2*y + 900 = -6*y + 4*j, -645 = 3*y + 3*j. Let x = -124 - y. What is the highest common factor of 32 and x?
32
Suppose 7*h - 226 - 194 = 0. Suppose h = 5*a - 2*k, -5*k - 2 = 2*a + 3. What is the greatest common factor of a and 50?
10
Suppose 3*f + 16 = 5*f. Suppose 15*h + 99 = 579. What is the highest common factor of f and h?
8
Let q = 10 - 10. Suppose q = 4*c - c - 567. Let b(f) = -5*f - 4. Let s be b(-5). Calculate the greatest common factor of s and c.
21
Let t(h) = 2*h**2 - 9*h + 8. Let k be t(4). Suppose -k*m + 800 = 2*f + 2*f, -10 = -5*m. Calculate the highest common factor of f and 22.
22
Let l be (39/(-78))/((-2)/2368). Calculate the highest common factor of 37 and l.
37
Suppose -275*o - 200 = -285*o. Let i(q) = -q**3 + 6*q**2 - 3*q. Let r be i(4). Calculate the highest common divisor of r and o.
20
Suppose 0 = 5*r + 2*d - 82, 8 + 8 = -4*d. Suppose -6*t = -3*t - r. Let n be -2 + 3/27*-3*-150. Calculate the highest common factor of t and n.
6
Let z be 0*(-2)/(-6) - -50. Suppose -59*k = -93*k + 15300. What is the highest common divisor of z and k?
50
Let l = -249 - -299. What is the greatest common factor of 75 and l?
25
Suppose 0 = 17*v - 430 - 131. Calculate the highest common factor of v and 3.
3
Let p = -38 + 73. Let g be (p/(-10))/((-1)/36). Calculate the greatest common factor of g and 18.
18
Suppose -q - 5*k + 331 = 0, 0 = -4*q - 0*k - 3*k + 1358. Suppose 2*n + 5*n - 217 = 0. Calculate the highest common factor of q and n.
31
Let t(d) be the third derivative of 7*d**4/24 + 13*d**3/6 + 17*d**2. Let m be t(6). What is the highest common divisor of 5 and m?
5
Suppose -3*g = 2*f - 87, 5*f + g = -2*g + 240. Let a = f - 47. Calculate the greatest common factor of a and 12.
4
Let i(m) be the first derivative of m**2/2 + 8. Let v be i(7). Let y = -2 + v. What is the greatest common divisor of y and 5?
5
Suppose 4*x + 236 = 2*k, 2*x + 364 - 126 = 2*k. Suppose -4*v + k = 24. What is the greatest common divisor of 16 and v?
8
Let k(y) = y**3 - 10*y**2 - 15*y - 26. Let u be k(12). Calculate the greatest common divisor of 123 and u.
41
Let r = 249 + -228. What is the highest common divisor of 84 and r?
21
Let y(z) = z - 2*z + 7*z - 3*z + 11. Suppose 3*k = 6*k. Let v be y(k). What is the highest common divisor of v and 121?
11
Suppose -8*z - 8415 + 1527 = 0. Let p = z - -1213. What is the highest common factor of p and 32?
32
Suppose 109 = 6*b - 809. What is the greatest common factor of b and 34?
17
Let g(s) = 12*s - 145. Let v be g(15). What is the greatest common factor of v and 119?
7
Suppose -q - 2*q + 30 = 0. Let x = 12 - q. Suppose 4*d - 26 = x*j, -4*j = 3*d - 3 - 22. Calculate the highest common divisor of d and 7.
7
Let g be 0 - (-2 - -2) - 960/(-60). Calculate the greatest common factor of g and 56.
8
Suppose 3*r + 6 = 5*k, -3*r = r - 4*k. Let o = 32 + -30. Suppose 0 - 2 = -o*x. What is the greatest common factor of r and x?
1
Let x be 3 + -1 + -13 + 19. Suppose -115 = 3*u - x*u. What is the greatest common divisor of 46 and u?
23
Let d be ((-2)/6)/((-14)/294). Suppose -8*z + 1275 = d*z. Calculate the greatest common divisor of 51 and z.
17
Let a be 10/(-6) - (-4 - 354/18). What is the highest common divisor of a and 198?
22
Let u be 2*(-2)/(-8) + (-1027)/(-26). Suppose 5*h - 148 = 2*v, 0 = -h - 0*v + 3*v + u. What is the greatest common factor of 14 and h?
14
Let n = 61 - 59. Suppose n*f + 7*m - 3*m - 36 = 0, 4 = -4*m. What is the highest common factor of 4 and f?
4
Let r(m) = -m**2 + 17*m - 18. Let v be r(12). What is the highest common factor of 6 and v?
6
Let c be -1 + (-2 + 1 - -2). Suppose 2*i - 3*i + 200 = c. Let v be -2 - (-136)/5 - 19/95. What is the highest common divisor of v and i?
25
Let s be (-52)/(-65) - 32/(-10). Let m be s/(-1)*18*-1. What is the highest common divisor of m and 9?
9
Suppose -92*j = -88*j - 192. What is the highest common divisor of j and 24?
24
Let f = 236 - -4. Calculate the greatest common factor of f and 320.
80
Let u be (11 + -6)*1/1. Let c be 1/u - 435/(-75). Suppose -4*q = -34 + 10. What is the greatest common factor of q and c?
6
Suppose -68 = -24*d + 676. What is the highest common factor of 5 and d?
1
Let h = 39 - -3. Let a be 14/h - 143/(-3). Calculate the greatest common divisor of a and 8.
8
Let h = -354 - -650. Let v = h + -205. What is the greatest common factor of 26 and v?
13
Suppose 0 = 3*i - 4*g - 35 - 75, -10 = 2*g. Suppose s - 2*k = 2*k + i, 2*s = -3*k + 38. What is the greatest common factor of 55 and s?
11
Let n = -312 - -325. What is the highest common factor of 559 and n?
13
Let b = -399 - -3689. What is the highest common divisor of b and 70?
70
Suppose 52*o = 23*o + 13311. What is the highest common divisor of 17 and o?
17
Let n = -84 + 78. Let u be ((-466)/(-14) - 1) + n/21. What is the highest common divisor of u and 224?
32
Let x = 761 - 166. What is the highest common divisor of 35 and x?
35
Let z be (-28)/(-6)*(-72)/(-28). Let o = z - 11. Let u(v) = 47*v**3 + v. Let h be u(o). Calculate the highest common factor of h and 72.
24
Let y(a) = -a**3 + 19*a**2 - 71*a + 9. Let s be y(13). What is the highest common divisor of s and 12?
4
Let u(h) = h**2 + 5*h + 4. Let s be u(-4). Let z be 0 + s/(-2) - -12. Let r = -30 + 78. What is the highest common factor of r and z?
12
Suppose 0 = -3*x + 4*r + 15, 4*r = -2*x + x + 5. Suppose -773 = -x*k - 213. Calculate the highest common divisor of 16 and k.
16
Let c(l) = -84*l - 231. Let x be c(-5). Calculate the greatest common factor of 108 and x.
27
Suppose 5*b = -5*l + 40, 5*b + 12 = -4*l + 47. Suppose 